{"id":108777,"date":"2025-11-20T13:50:25","date_gmt":"2025-11-20T13:50:25","guid":{"rendered":"https:\/\/klak.is\/?post_type=vidburdure&#038;p=108777"},"modified":"2026-01-10T12:55:27","modified_gmt":"2026-01-10T12:55:27","slug":"kynningarfundur-gulleggsins-a-akureyri","status":"publish","type":"vidburdure","link":"https:\/\/klak.is\/en\/vidburdir\/kynningarfundur-gulleggsins-a-akureyri\/","title":{"rendered":"Kynningarfundur Gulleggsins \u00e1 Akureyri"},"content":{"rendered":"<p>Gulleggi\u00f0 er st\u00e6rsta n\u00fdsk\u00f6punarkeppni landsins og ver\u00f0ur h\u00fan haldin \u00ed 19. skipti \u00ed febr\u00faar 2026.<\/p>\n\n\n\n<p>Kynningarfundur um Gulleggi\u00f0 ver\u00f0ur haldinn \u00e1 Strikinu \u00e1 Akureyri \u00deri\u00f0judaginn 25. n\u00f3vember, kl. 16:00.<\/p>\n\n\n\n<p>Vi\u00f0bur\u00f0urinn er opinn \u00f6llum og l\u00e9ttar veitingar eru \u00ed bo\u00f0i.<\/p>\n\n\n\n<p>Verkefnastj\u00f3ri Gulleggsins mun kynna keppnina \u00e1samt \u00fev\u00ed a\u00f0 vinir okkar Hugverkastofa, Orkusalan, KPMG og T\u00e6kni\u00fer\u00f3unarsj\u00f3\u00f0ur m\u00e6ta me\u00f0 okkur og kynna s\u00edna starfsemi&nbsp;<img decoding=\"async\" height=\"16\" width=\"16\" alt=\"\ud83d\ude80\" data-src=\"https:\/\/static.xx.fbcdn.net\/images\/emoji.php\/v9\/t65\/2\/16\/1f680.png\" src=\"data:image\/svg+xml;base64,PHN2ZyB3aWR0aD0iMSIgaGVpZ2h0PSIxIiB4bWxucz0iaHR0cDovL3d3dy53My5vcmcvMjAwMC9zdmciPjwvc3ZnPg==\" class=\"lazyload\" style=\"--smush-placeholder-width: 16px; --smush-placeholder-aspect-ratio: 16\/16;\"><\/p>\n\n\n\n<p>Vi\u00f0 hvetjum \u00f6ll til \u00feess a\u00f0 l\u00e1ta sj\u00e1 sig og kynna s\u00e9r Gulleggi\u00f0&nbsp;<img decoding=\"async\" height=\"16\" width=\"16\" alt=\"\ud83d\ude4f\" data-src=\"https:\/\/static.xx.fbcdn.net\/images\/emoji.php\/v9\/t1f\/2\/16\/1f64f.png\" src=\"data:image\/svg+xml;base64,PHN2ZyB3aWR0aD0iMSIgaGVpZ2h0PSIxIiB4bWxucz0iaHR0cDovL3d3dy53My5vcmcvMjAwMC9zdmciPjwvc3ZnPg==\" class=\"lazyload\" style=\"--smush-placeholder-width: 16px; --smush-placeholder-aspect-ratio: 16\/16;\"><\/p>\n\n\n\n<p>Hl\u00f6kkum til a\u00f0 sj\u00e1 \u00feig!<\/p>\n\n\n\n<p><\/p>","protected":false},"featured_media":108779,"template":"","meta":{"_acf_changed":true,"wds_primary_project":0},"project":[1275],"birta":[],"ar":[1304],"class_list":["post-108777","vidburdure","type-vidburdure","status-publish","has-post-thumbnail","hentry","project-gulleggid","ar-1304"],"acf":{"tengd_verkefni":null,"location_text":"Striki\u00f0, Akureyri","start":"2025-11-25 00:00:00","end":"2025-11-25 00:00:00","facebook_event":"https:\/\/fb.me\/e\/5H1YhP1Vx","linkedin_url":"","ytri_skraning":false,"skraningarhlekkur":"","erafslattarkodi":false,"afslattarko\u00f0i":"","google_calendar_link":"https:\/\/calendar.google.com\/calendar\/render?action=TEMPLATE&text=Kynningarfundur+Gulleggsins+%C3%A1+Akureyri&dates=20251125T000000Z\/20251125T000000Z&location=Striki%C3%B0%2C+Akureyri&details=Gulleggi%C3%B0+er+st%C3%A6rsta+n%C3%BDsk%C3%B6punarkeppni+landsins+og+ver%C3%B0ur+h%C3%BAn+haldin+%C3%AD+19.+skipti+%C3%AD+febr%C3%BAar+2026.%0A%0A%0A%0AKynningarfundur+um+Gulleggi%C3%B0+ver%C3%B0ur+haldinn+%C3%A1+Strikinu+%C3%A1+Akureyri+%C3%9Eri%C3%B0judaginn+25.+n%C3%B3vember%2C+kl.+16%3A00.%0A%0A%0A%0AVi%C3%B0bur%C3%B0urinn+er+opinn+%C3%B6llum+og+l%C3%A9ttar+veitingar+eru+%C3%AD+bo%C3%B0i.%0A%0A%0A%0AVerkefnastj%C3%B3ri+Gulleggsins+mun+kynna+keppnina+%C3%A1samt+%C3%BEv%C3%AD+a%C3%B0+vinir+okkar+Hugverkastofa%2C+Orkusalan%2C+KPMG+og+T%C3%A6kni%C3%BEr%C3%B3unarsj%C3%B3%C3%B0ur+m%C3%A6ta+me%C3%B0+okkur+og+kynna+s%C3%ADna+starfsemi%26nbsp%3B%0A%0A%0A%0AVi%C3%B0+hvetjum+%C3%B6ll+til+%C3%BEess+a%C3%B0+l%C3%A1ta+sj%C3%A1+sig+og+kynna+s%C3%A9r+Gulleggi%C3%B0%26nbsp%3B%0A%0A%0A%0AHl%C3%B6kkum+til+a%C3%B0+sj%C3%A1+%C3%BEig%21","outlook_calendar_link":"https:\/\/outlook.live.com\/calendar\/0\/deeplink\/compose?subject=Kynningarfundur+Gulleggsins+%C3%A1+Akureyri&startdt=2025-11-25T00:00:00Z&enddt=2025-11-25T00:00:00Z&location=Striki%C3%B0%2C+Akureyri&body=Gulleggi%C3%B0+er+st%C3%A6rsta+n%C3%BDsk%C3%B6punarkeppni+landsins+og+ver%C3%B0ur+h%C3%BAn+haldin+%C3%AD+19.+skipti+%C3%AD+febr%C3%BAar+2026.%0A%0A%0A%0AKynningarfundur+um+Gulleggi%C3%B0+ver%C3%B0ur+haldinn+%C3%A1+Strikinu+%C3%A1+Akureyri+%C3%9Eri%C3%B0judaginn+25.+n%C3%B3vember%2C+kl.+16%3A00.%0A%0A%0A%0AVi%C3%B0bur%C3%B0urinn+er+opinn+%C3%B6llum+og+l%C3%A9ttar+veitingar+eru+%C3%AD+bo%C3%B0i.%0A%0A%0A%0AVerkefnastj%C3%B3ri+Gulleggsins+mun+kynna+keppnina+%C3%A1samt+%C3%BEv%C3%AD+a%C3%B0+vinir+okkar+Hugverkastofa%2C+Orkusalan%2C+KPMG+og+T%C3%A6kni%C3%BEr%C3%B3unarsj%C3%B3%C3%B0ur+m%C3%A6ta+me%C3%B0+okkur+og+kynna+s%C3%ADna+starfsemi%26nbsp%3B%0A%0A%0A%0AVi%C3%B0+hvetjum+%C3%B6ll+til+%C3%BEess+a%C3%B0+l%C3%A1ta+sj%C3%A1+sig+og+kynna+s%C3%A9r+Gulleggi%C3%B0%26nbsp%3B%0A%0A%0A%0AHl%C3%B6kkum+til+a%C3%B0+sj%C3%A1+%C3%BEig%21&path=\/calendar\/action\/compose","start_formatted":"25. November"},"_links":{"self":[{"href":"https:\/\/klak.is\/en\/wp-json\/wp\/v2\/vidburdure\/108777","targetHints":{"allow":["GET"]}}],"collection":[{"href":"https:\/\/klak.is\/en\/wp-json\/wp\/v2\/vidburdure"}],"about":[{"href":"https:\/\/klak.is\/en\/wp-json\/wp\/v2\/types\/vidburdure"}],"version-history":[{"count":0,"href":"https:\/\/klak.is\/en\/wp-json\/wp\/v2\/vidburdure\/108777\/revisions"}],"wp:featuredmedia":[{"embeddable":true,"href":"https:\/\/klak.is\/en\/wp-json\/wp\/v2\/media\/108779"}],"wp:attachment":[{"href":"https:\/\/klak.is\/en\/wp-json\/wp\/v2\/media?parent=108777"}],"wp:term":[{"taxonomy":"project","embeddable":true,"href":"https:\/\/klak.is\/en\/wp-json\/wp\/v2\/project?post=108777"},{"taxonomy":"birta","embeddable":true,"href":"https:\/\/klak.is\/en\/wp-json\/wp\/v2\/birta?post=108777"},{"taxonomy":"ar","embeddable":true,"href":"https:\/\/klak.is\/en\/wp-json\/wp\/v2\/ar?post=108777"}],"curies":[{"name":"wp","href":"https:\/\/api.w.org\/{rel}","templated":true}]}}

Kynningarfundur Gulleggsins á Akureyri

<p>Gulleggið er stærsta nýsköpunarkeppni landsins og verður hún haldin í 19. skipti í febrúar 2026.</p>



<p>Kynningarfundur um Gulleggið verður haldinn á Strikinu á Akureyri Þriðjudaginn 25. nóvember, kl. 16:00.</p>



<p>Viðburðurinn er opinn öllum og léttar veitingar eru í boði.</p>



<p>Verkefnastjóri Gulleggsins mun kynna keppnina ásamt því að vinir okkar Hugverkastofa, Orkusalan, KPMG og Tækniþróunarsjóður mæta með okkur og kynna sína starfsemi&nbsp;<img decoding="async" height="16" width="16" alt="🚀" data-src="https://static.xx.fbcdn.net/images/emoji.php/v9/t65/2/16/1f680.png" src="data:image/svg+xml;base64,PHN2ZyB3aWR0aD0iMSIgaGVpZ2h0PSIxIiB4bWxucz0iaHR0cDovL3d3dy53My5vcmcvMjAwMC9zdmciPjwvc3ZnPg==" class="lazyload" style="--smush-placeholder-width: 16px; --smush-placeholder-aspect-ratio: 16/16;"></p>



<p>Við hvetjum öll til þess að láta sjá sig og kynna sér Gulleggið&nbsp;<img decoding="async" height="16" width="16" alt="🙏" data-src="https://static.xx.fbcdn.net/images/emoji.php/v9/t1f/2/16/1f64f.png" src="data:image/svg+xml;base64,PHN2ZyB3aWR0aD0iMSIgaGVpZ2h0PSIxIiB4bWxucz0iaHR0cDovL3d3dy53My5vcmcvMjAwMC9zdmciPjwvc3ZnPg==" class="lazyload" style="--smush-placeholder-width: 16px; --smush-placeholder-aspect-ratio: 16/16;"></p>



<p>Hlökkum til að sjá þig!</p>



<p></p>

Strikið, Akureyri
