{"id":148280,"date":"2026-01-27T15:37:54","date_gmt":"2026-01-27T15:37:54","guid":{"rendered":"https:\/\/klak.is\/?post_type=vidburdure&#038;p=148280"},"modified":"2026-01-29T10:40:22","modified_gmt":"2026-01-29T10:40:22","slug":"office-hours-med-advel","status":"publish","type":"vidburdure","link":"https:\/\/klak.is\/en\/vidburdir\/office-hours-med-advel\/","title":{"rendered":"Office hours me\u00f0 Advel"},"content":{"rendered":"<p>\u00deann 4. febr\u00faar n.k. munu s\u00e9rfr\u00e6\u00f0ingar fr\u00e1 ADVEL l\u00f6gm\u00f6nnum bj\u00f3\u00f0a upp \u00e1 Office Hours fundi \u00ed Gr\u00f3sku, me\u00f0 s\u00e9rstaka \u00e1herslu \u00e1 pers\u00f3nuvernd.<\/p>\n\n\n\n<p><br>Hj\u00e1 ADVEL l\u00f6gm\u00f6nnum starfa m.a. s\u00e9rfr\u00e6\u00f0ingar \u00e1 svi\u00f0i pers\u00f3nuverndar, auk annarra r\u00e9ttarsvi\u00f0a sem tengjast l\u00f6gfr\u00e6\u00f0ir\u00e1\u00f0gj\u00f6f til fyrirt\u00e6kja. ADVEL hefur um \u00e1rabil stutt vi\u00f0 frumkv\u00f6\u00f0lastarf \u00ed landinu \u00ed samvinnu vi\u00f0 KLAK til fj\u00f6lda \u00e1ra m.a. me\u00f0 fyrirlestrum og r\u00e1\u00f0gj\u00f6f til frumkv\u00f6\u00f0la.<\/p>\n\n\n\n<p><br>Hrafnhildur Kristinsd\u00f3ttir, l\u00f6gma\u00f0ur hj\u00e1 ADVEL, mun hitta frumkv\u00f6\u00f0la og r\u00e6\u00f0a \u00fdmis \u00e1litaefni tengd pers\u00f3nuvernd sem n\u00fdsk\u00f6punarfyrirt\u00e6ki standa frammi fyrir. <\/p>\n\n\n\n<p>D\u00e6mi um \u00e1litaefni sem h\u00e6gt er a\u00f0 bera upp \u00e1 fundinum eru pers\u00f3nuverndarstefnur og vinnslusamningar, \u00f6rugg me\u00f0h\u00f6ndlun pers\u00f3nuuppl\u00fdsinga, sam\u00feykki fyrir vinnslu pers\u00f3nuuppl\u00fdsinga, r\u00e9ttindi einstaklinga var\u00f0andi pers\u00f3nuuppl\u00fdsingar, al\u00fej\u00f3\u00f0legir gagnaflutningar, \u00e1h\u00e6ttumat og \u00f6ryggisr\u00e1\u00f0stafanir vi\u00f0 vinnslu pers\u00f3nuuppl\u00fdsinga o.fl.<\/p>\n\n\n\n<p>\u00de\u00e1tttakendur f\u00e1 t\u00f6lvup\u00f3st me\u00f0 skr\u00e1ningarhlekk \u2709\ufe0f<br>Ef \u00fe\u00fa f\u00e9kkst ekki p\u00f3st en vilt l\u00e1ta b\u00e6ta \u00fe\u00e9r \u00e1 listann m\u00e1ttu gjarnan hafa samband vi\u00f0 okkur \u00ed hello@klak.is \ud83d\ude4f<\/p>","protected":false},"featured_media":148281,"template":"","meta":{"_acf_changed":true,"wds_primary_project":0},"project":[1271],"birta":[],"ar":[1304],"class_list":["post-148280","vidburdure","type-vidburdure","status-publish","has-post-thumbnail","hentry","project-klak-vms","ar-1304"],"acf":{"tengd_verkefni":null,"location_text":"Gr\u00f3ska","start":"2026-02-04 08:30:00","end":"2026-02-04 12:30:00","facebook_event":"","linkedin_url":"","ytri_skraning":false,"skraningarhlekkur":"https:\/\/calendly.com\/klak-icelandicstartups\/office-hours-med-advel","erafslattarkodi":false,"afslattarko\u00f0i":"","google_calendar_link":"https:\/\/calendar.google.com\/calendar\/render?action=TEMPLATE&text=Office+hours+me%C3%B0+Advel&dates=20260204T083000Z\/20260204T123000Z&location=Gr%C3%B3ska&details=%C3%9Eann+4.+febr%C3%BAar+n.k.+munu+s%C3%A9rfr%C3%A6%C3%B0ingar+fr%C3%A1+ADVEL+l%C3%B6gm%C3%B6nnum+bj%C3%B3%C3%B0a+upp+%C3%A1+Office+Hours+fundi+%C3%AD+Gr%C3%B3sku%2C+me%C3%B0+s%C3%A9rstaka+%C3%A1herslu+%C3%A1+pers%C3%B3nuvernd.%0A%0A%0A%0AHj%C3%A1+ADVEL+l%C3%B6gm%C3%B6nnum+starfa+m.a.+s%C3%A9rfr%C3%A6%C3%B0ingar+%C3%A1+svi%C3%B0i+pers%C3%B3nuverndar%2C+auk+annarra+r%C3%A9ttarsvi%C3%B0a+sem+tengjast+l%C3%B6gfr%C3%A6%C3%B0ir%C3%A1%C3%B0gj%C3%B6f+til+fyrirt%C3%A6kja.+ADVEL+hefur+um+%C3%A1rabil+stutt+vi%C3%B0+frumkv%C3%B6%C3%B0lastarf+%C3%AD+landinu+%C3%AD+samvinnu+vi%C3%B0+KLAK+til+fj%C3%B6lda+%C3%A1ra+m.a.+me%C3%B0+fyrirlestrum+og+r%C3%A1%C3%B0gj%C3%B6f+til+frumkv%C3%B6%C3%B0la.%0A%0A%0A%0AHrafnhildur+Kristinsd%C3%B3ttir%2C+l%C3%B6gma%C3%B0ur+hj%C3%A1+ADVEL%2C+mun+hitta+frumkv%C3%B6%C3%B0la+og+r%C3%A6%C3%B0a+%C3%BDmis+%C3%A1litaefni+tengd+pers%C3%B3nuvernd+sem+n%C3%BDsk%C3%B6punarfyrirt%C3%A6ki+standa+frammi+fyrir.+%0A%0A%0A%0AD%C3%A6mi+um+%C3%A1litaefni+sem+h%C3%A6gt+er+a%C3%B0+bera+upp+%C3%A1+fundinum+eru+pers%C3%B3nuverndarstefnur+og+vinnslusamningar%2C+%C3%B6rugg+me%C3%B0h%C3%B6ndlun+pers%C3%B3nuuppl%C3%BDsinga%2C+sam%C3%BEykki+fyrir+vinnslu+pers%C3%B3nuuppl%C3%BDsinga%2C+r%C3%A9ttindi+einstaklinga+var%C3%B0andi+pers%C3%B3nuuppl%C3%BDsingar%2C+al%C3%BEj%C3%B3%C3%B0legir+gagnaflutningar%2C+%C3%A1h%C3%A6ttumat+og+%C3%B6ryggisr%C3%A1%C3%B0stafanir+vi%C3%B0+vinnslu+pers%C3%B3nuuppl%C3%BDsinga+o.fl.%0A%0A%0A%0A%C3%9E%C3%A1tttakendur+f%C3%A1+t%C3%B6lvup%C3%B3st+me%C3%B0+skr%C3%A1ningarhlekk+%E2%9C%89%EF%B8%8FEf+%C3%BE%C3%BA+f%C3%A9kkst+ekki+p%C3%B3st+en+vilt+l%C3%A1ta+b%C3%A6ta+%C3%BE%C3%A9r+%C3%A1+listann+m%C3%A1ttu+gjarnan+hafa+samband+vi%C3%B0+okkur+%C3%AD+hello%40klak.is+%F0%9F%99%8F","outlook_calendar_link":"https:\/\/outlook.live.com\/calendar\/0\/deeplink\/compose?subject=Office+hours+me%C3%B0+Advel&startdt=2026-02-04T08:30:00Z&enddt=2026-02-04T12:30:00Z&location=Gr%C3%B3ska&body=%C3%9Eann+4.+febr%C3%BAar+n.k.+munu+s%C3%A9rfr%C3%A6%C3%B0ingar+fr%C3%A1+ADVEL+l%C3%B6gm%C3%B6nnum+bj%C3%B3%C3%B0a+upp+%C3%A1+Office+Hours+fundi+%C3%AD+Gr%C3%B3sku%2C+me%C3%B0+s%C3%A9rstaka+%C3%A1herslu+%C3%A1+pers%C3%B3nuvernd.%0A%0A%0A%0AHj%C3%A1+ADVEL+l%C3%B6gm%C3%B6nnum+starfa+m.a.+s%C3%A9rfr%C3%A6%C3%B0ingar+%C3%A1+svi%C3%B0i+pers%C3%B3nuverndar%2C+auk+annarra+r%C3%A9ttarsvi%C3%B0a+sem+tengjast+l%C3%B6gfr%C3%A6%C3%B0ir%C3%A1%C3%B0gj%C3%B6f+til+fyrirt%C3%A6kja.+ADVEL+hefur+um+%C3%A1rabil+stutt+vi%C3%B0+frumkv%C3%B6%C3%B0lastarf+%C3%AD+landinu+%C3%AD+samvinnu+vi%C3%B0+KLAK+til+fj%C3%B6lda+%C3%A1ra+m.a.+me%C3%B0+fyrirlestrum+og+r%C3%A1%C3%B0gj%C3%B6f+til+frumkv%C3%B6%C3%B0la.%0A%0A%0A%0AHrafnhildur+Kristinsd%C3%B3ttir%2C+l%C3%B6gma%C3%B0ur+hj%C3%A1+ADVEL%2C+mun+hitta+frumkv%C3%B6%C3%B0la+og+r%C3%A6%C3%B0a+%C3%BDmis+%C3%A1litaefni+tengd+pers%C3%B3nuvernd+sem+n%C3%BDsk%C3%B6punarfyrirt%C3%A6ki+standa+frammi+fyrir.+%0A%0A%0A%0AD%C3%A6mi+um+%C3%A1litaefni+sem+h%C3%A6gt+er+a%C3%B0+bera+upp+%C3%A1+fundinum+eru+pers%C3%B3nuverndarstefnur+og+vinnslusamningar%2C+%C3%B6rugg+me%C3%B0h%C3%B6ndlun+pers%C3%B3nuuppl%C3%BDsinga%2C+sam%C3%BEykki+fyrir+vinnslu+pers%C3%B3nuuppl%C3%BDsinga%2C+r%C3%A9ttindi+einstaklinga+var%C3%B0andi+pers%C3%B3nuuppl%C3%BDsingar%2C+al%C3%BEj%C3%B3%C3%B0legir+gagnaflutningar%2C+%C3%A1h%C3%A6ttumat+og+%C3%B6ryggisr%C3%A1%C3%B0stafanir+vi%C3%B0+vinnslu+pers%C3%B3nuuppl%C3%BDsinga+o.fl.%0A%0A%0A%0A%C3%9E%C3%A1tttakendur+f%C3%A1+t%C3%B6lvup%C3%B3st+me%C3%B0+skr%C3%A1ningarhlekk+%E2%9C%89%EF%B8%8FEf+%C3%BE%C3%BA+f%C3%A9kkst+ekki+p%C3%B3st+en+vilt+l%C3%A1ta+b%C3%A6ta+%C3%BE%C3%A9r+%C3%A1+listann+m%C3%A1ttu+gjarnan+hafa+samband+vi%C3%B0+okkur+%C3%AD+hello%40klak.is+%F0%9F%99%8F&path=\/calendar\/action\/compose","start_formatted":"4. February | 08:30 - 12:30"},"_links":{"self":[{"href":"https:\/\/klak.is\/en\/wp-json\/wp\/v2\/vidburdure\/148280","targetHints":{"allow":["GET"]}}],"collection":[{"href":"https:\/\/klak.is\/en\/wp-json\/wp\/v2\/vidburdure"}],"about":[{"href":"https:\/\/klak.is\/en\/wp-json\/wp\/v2\/types\/vidburdure"}],"version-history":[{"count":0,"href":"https:\/\/klak.is\/en\/wp-json\/wp\/v2\/vidburdure\/148280\/revisions"}],"wp:featuredmedia":[{"embeddable":true,"href":"https:\/\/klak.is\/en\/wp-json\/wp\/v2\/media\/148281"}],"wp:attachment":[{"href":"https:\/\/klak.is\/en\/wp-json\/wp\/v2\/media?parent=148280"}],"wp:term":[{"taxonomy":"project","embeddable":true,"href":"https:\/\/klak.is\/en\/wp-json\/wp\/v2\/project?post=148280"},{"taxonomy":"birta","embeddable":true,"href":"https:\/\/klak.is\/en\/wp-json\/wp\/v2\/birta?post=148280"},{"taxonomy":"ar","embeddable":true,"href":"https:\/\/klak.is\/en\/wp-json\/wp\/v2\/ar?post=148280"}],"curies":[{"name":"wp","href":"https:\/\/api.w.org\/{rel}","templated":true}]}}

Office hours með Advel

<p>Þann 4. febrúar n.k. munu sérfræðingar frá ADVEL lögmönnum bjóða upp á Office Hours fundi í Grósku, með sérstaka áherslu á persónuvernd.</p>



<p><br>Hjá ADVEL lögmönnum starfa m.a. sérfræðingar á sviði persónuverndar, auk annarra réttarsviða sem tengjast lögfræðiráðgjöf til fyrirtækja. ADVEL hefur um árabil stutt við frumkvöðlastarf í landinu í samvinnu við KLAK til fjölda ára m.a. með fyrirlestrum og ráðgjöf til frumkvöðla.</p>



<p><br>Hrafnhildur Kristinsdóttir, lögmaður hjá ADVEL, mun hitta frumkvöðla og ræða ýmis álitaefni tengd persónuvernd sem nýsköpunarfyrirtæki standa frammi fyrir. </p>



<p>Dæmi um álitaefni sem hægt er að bera upp á fundinum eru persónuverndarstefnur og vinnslusamningar, örugg meðhöndlun persónuupplýsinga, samþykki fyrir vinnslu persónuupplýsinga, réttindi einstaklinga varðandi persónuupplýsingar, alþjóðlegir gagnaflutningar, áhættumat og öryggisráðstafanir við vinnslu persónuupplýsinga o.fl.</p>



<p>Þátttakendur fá tölvupóst með skráningarhlekk ✉️<br>Ef þú fékkst ekki póst en vilt láta bæta þér á listann máttu gjarnan hafa samband við okkur í hello@klak.is 🙏</p>

Gróska
