{"id":16807,"date":"2025-05-23T13:54:22","date_gmt":"2025-05-23T13:54:22","guid":{"rendered":"https:\/\/klak.is\/?post_type=vidburdure&#038;p=16807"},"modified":"2025-06-26T17:30:31","modified_gmt":"2025-06-26T17:30:31","slug":"superclass-startup-supernova-2025","status":"publish","type":"vidburdure","link":"https:\/\/klak.is\/en\/vidburdir\/superclass-startup-supernova-2025\/","title":{"rendered":"Superclass Startup SuperNova 2025"},"content":{"rendered":"<p>\ud83d\udca5 Superclass Startup SuperNova fer fram dagana 19. &#8211; 20. j\u00fan\u00ed \u00ed Gr\u00f3sku \ud83d\udca5<\/p>\n\n\n\n<p>Superclass er opi\u00f0 \u00f6llum og er frumkv\u00f6\u00f0lum a\u00f0 kostna\u00f0arlausu.<\/p>\n\n\n\n<p>Fyrirkomulagi\u00f0 eru fyrirlestrar og vinnustofur me\u00f0 virkri \u00fe\u00e1ttt\u00f6ku, sem undirb\u00faa sprotafyrirt\u00e6ki til \u00feess a\u00f0 gera 18 m\u00e1na\u00f0a a\u00f0ger\u00f0ar\u00e1\u00e6tlun. En \u00fea\u00f0 \u00fearf einmitt a\u00f0 skila inn sl\u00edkri \u00e1\u00e6tlun til \u00feess a\u00f0 eiga m\u00f6guleika \u00e1 a\u00f0 komast inn \u00ed Startup SuperNova hra\u00f0alinn \ud83c\udfaf<\/p>\n\n\n\n<p>Startup SuperNova er 6 vikna vi\u00f0skiptahra\u00f0all fyrir sprotafyrirt\u00e6ki sem eru a\u00f0 byggja upp vi\u00f0skiptalausnir \u00e6tla\u00f0ar al\u00fej\u00f3\u00f0amarka\u00f0i. Hra\u00f0allinn hefst 5. \u00e1g\u00fast og l\u00fdkur me\u00f0 fj\u00e1rfestadegi 19. september \ud83d\ude80<\/p>\n\n\n\n<p>\u00dea\u00f0 geta \u00f6ll sprotafyrirt\u00e6ki teki\u00f0 \u00fe\u00e1tt \u00ed Superclass og einu skilyr\u00f0in eru a\u00f0 skila inn Pitch deck \/ einbl\u00f6\u00f0ungi um fyrirt\u00e6ki\u00f0.<\/p>\n\n\n\n<p>Skr\u00e1ningu m\u00e1 finna h\u00e9r \ud83d\udc49 https:\/\/startupsupernova.is\/<\/p>\n\n\n\n<p>Superclass fer fram \u00e1 ensku!<\/p>\n\n\n\n<p>Hra\u00f0allinn samstarfsverkefni Nova, KLAK &#8211; Icelandic Startups og Huawei \ud83c\udf1f<\/p>\n\n\n\n<p>Kostar ekkert a\u00f0 taka \u00fe\u00e1tt!<\/p>\n\n\n\n<p>Vi\u00f0 hl\u00f6kkum til a\u00f0 sj\u00e1 ykkur !<\/p>\n\n\n\n<p>\u2014&#8212;&#8212;&#8212;-<\/p>\n\n\n\n<p>\ud83d\udca5 The Startup SuperNova Superclass takes place on the June 19. &#8211; 20. in Gr\u00f3ska \ud83d\udca5<\/p>\n\n\n\n<p>Superclass is open to everyone and entry is free for entrepreneurs.<\/p>\n\n\n\n<p>The program consists of lectures and interactive workshops, which prepare start-ups to make an 18-month action plan. Then, in order to apply for the Startup SuperNova accelerator, you must submit exactly such a plan.<\/p>\n\n\n\n<p>Startup SuperNova is a 6-week business accelerator for startups that are building solutions for scaling internationally. The accelerator starts on the 5th of August and ends with an Investor Day on September 19th.<\/p>\n\n\n\n<p>All start-ups can participate in Superclass, and the only condition is to submit a pitch deck \/ one pager about the startup.<\/p>\n\n\n\n<p>Registration can be found here \ud83d\udc49 https:\/\/startupsupernova.is\/<\/p>\n\n\n\n<p>The program will be in English!<\/p>\n\n\n\n<p>The accelerator is a collaboration with Nova, KLAK &#8211; Icelandic Startups and Huawei \ud83c\udf1f<\/p>\n\n\n\n<p>We are looking forward to seeing you !<\/p>","protected":false},"featured_media":16808,"template":"","meta":{"_acf_changed":true,"wds_primary_project":0},"project":[1260],"birta":[],"ar":[],"class_list":["post-16807","vidburdure","type-vidburdure","status-publish","has-post-thumbnail","hentry","project-startup-supernova"],"acf":{"tengd_verkefni":null,"location_text":"Gr\u00f3ska","start":"2025-06-19 09:00:00","end":"2025-06-20 16:30:00","facebook_event":"https:\/\/fb.me\/e\/BK3yAECIc","linkedin_url":"https:\/\/www.linkedin.com\/events\/superclassstartupsupernova20257331678287779311616\/","ytri_skraning":true,"skraningarhlekkur":"https:\/\/www.nova.is\/hradleid\/startupsupernova","erafslattarkodi":false,"afslattarko\u00f0i":"","google_calendar_link":"https:\/\/calendar.google.com\/calendar\/render?action=TEMPLATE&text=Superclass+Startup+SuperNova+2025&dates=20250619T090000Z\/20250620T163000Z&location=Gr%C3%B3ska&details=%F0%9F%92%A5+Superclass+Startup+SuperNova+fer+fram+dagana+19.+-+20.+j%C3%BAn%C3%AD+%C3%AD+Gr%C3%B3sku+%F0%9F%92%A5%0A%0A%0A%0ASuperclass+er+opi%C3%B0+%C3%B6llum+og+er+frumkv%C3%B6%C3%B0lum+a%C3%B0+kostna%C3%B0arlausu.%0A%0A%0A%0AFyrirkomulagi%C3%B0+eru+fyrirlestrar+og+vinnustofur+me%C3%B0+virkri+%C3%BE%C3%A1ttt%C3%B6ku%2C+sem+undirb%C3%BAa+sprotafyrirt%C3%A6ki+til+%C3%BEess+a%C3%B0+gera+18+m%C3%A1na%C3%B0a+a%C3%B0ger%C3%B0ar%C3%A1%C3%A6tlun.+En+%C3%BEa%C3%B0+%C3%BEarf+einmitt+a%C3%B0+skila+inn+sl%C3%ADkri+%C3%A1%C3%A6tlun+til+%C3%BEess+a%C3%B0+eiga+m%C3%B6guleika+%C3%A1+a%C3%B0+komast+inn+%C3%AD+Startup+SuperNova+hra%C3%B0alinn+%F0%9F%8E%AF%0A%0A%0A%0AStartup+SuperNova+er+6+vikna+vi%C3%B0skiptahra%C3%B0all+fyrir+sprotafyrirt%C3%A6ki+sem+eru+a%C3%B0+byggja+upp+vi%C3%B0skiptalausnir+%C3%A6tla%C3%B0ar+al%C3%BEj%C3%B3%C3%B0amarka%C3%B0i.+Hra%C3%B0allinn+hefst+5.+%C3%A1g%C3%BAst+og+l%C3%BDkur+me%C3%B0+fj%C3%A1rfestadegi+19.+september+%F0%9F%9A%80%0A%0A%0A%0A%C3%9Ea%C3%B0+geta+%C3%B6ll+sprotafyrirt%C3%A6ki+teki%C3%B0+%C3%BE%C3%A1tt+%C3%AD+Superclass+og+einu+skilyr%C3%B0in+eru+a%C3%B0+skila+inn+Pitch+deck+%2F+einbl%C3%B6%C3%B0ungi+um+fyrirt%C3%A6ki%C3%B0.%0A%0A%0A%0ASkr%C3%A1ningu+m%C3%A1+finna+h%C3%A9r+%F0%9F%91%89+https%3A%2F%2Fstartupsupernova.is%2F%0A%0A%0A%0ASuperclass+fer+fram+%C3%A1+ensku%21%0A%0A%0A%0AHra%C3%B0allinn+samstarfsverkefni+Nova%2C+KLAK+-+Icelandic+Startups+og+Huawei+%F0%9F%8C%9F%0A%0A%0A%0AKostar+ekkert+a%C3%B0+taka+%C3%BE%C3%A1tt%21%0A%0A%0A%0AVi%C3%B0+hl%C3%B6kkum+til+a%C3%B0+sj%C3%A1+ykkur+%21%0A%0A%0A%0A%E2%80%94----------%0A%0A%0A%0A%F0%9F%92%A5+The+Startup+SuperNova+Superclass+takes+place+on+the+June+19.+-+20.+in+Gr%C3%B3ska+%F0%9F%92%A5%0A%0A%0A%0ASuperclass+is+open+to+everyone+and+entry+is+free+for+entrepreneurs.%0A%0A%0A%0AThe+program+consists+of+lectures+and+interactive+workshops%2C+which+prepare+start-ups+to+make+an+18-month+action+plan.+Then%2C+in+order+to+apply+for+the+Startup+SuperNova+accelerator%2C+you+must+submit+exactly+such+a+plan.%0A%0A%0A%0AStartup+SuperNova+is+a+6-week+business+accelerator+for+startups+that+are+building+solutions+for+scaling+internationally.+The+accelerator+starts+on+the+5th+of+August+and+ends+with+an+Investor+Day+on+September+19th.%0A%0A%0A%0AAll+start-ups+can+participate+in+Superclass%2C+and+the+only+condition+is+to+submit+a+pitch+deck+%2F+one+pager+about+the+startup.%0A%0A%0A%0ARegistration+can+be+found+here+%F0%9F%91%89+https%3A%2F%2Fstartupsupernova.is%2F%0A%0A%0A%0AThe+program+will+be+in+English%21%0A%0A%0A%0AThe+accelerator+is+a+collaboration+with+Nova%2C+KLAK+-+Icelandic+Startups+and+Huawei+%F0%9F%8C%9F%0A%0A%0A%0AWe+are+looking+forward+to+seeing+you+%21","outlook_calendar_link":"https:\/\/outlook.live.com\/calendar\/0\/deeplink\/compose?subject=Superclass+Startup+SuperNova+2025&startdt=2025-06-19T09:00:00Z&enddt=2025-06-20T16:30:00Z&location=Gr%C3%B3ska&body=%F0%9F%92%A5+Superclass+Startup+SuperNova+fer+fram+dagana+19.+-+20.+j%C3%BAn%C3%AD+%C3%AD+Gr%C3%B3sku+%F0%9F%92%A5%0A%0A%0A%0ASuperclass+er+opi%C3%B0+%C3%B6llum+og+er+frumkv%C3%B6%C3%B0lum+a%C3%B0+kostna%C3%B0arlausu.%0A%0A%0A%0AFyrirkomulagi%C3%B0+eru+fyrirlestrar+og+vinnustofur+me%C3%B0+virkri+%C3%BE%C3%A1ttt%C3%B6ku%2C+sem+undirb%C3%BAa+sprotafyrirt%C3%A6ki+til+%C3%BEess+a%C3%B0+gera+18+m%C3%A1na%C3%B0a+a%C3%B0ger%C3%B0ar%C3%A1%C3%A6tlun.+En+%C3%BEa%C3%B0+%C3%BEarf+einmitt+a%C3%B0+skila+inn+sl%C3%ADkri+%C3%A1%C3%A6tlun+til+%C3%BEess+a%C3%B0+eiga+m%C3%B6guleika+%C3%A1+a%C3%B0+komast+inn+%C3%AD+Startup+SuperNova+hra%C3%B0alinn+%F0%9F%8E%AF%0A%0A%0A%0AStartup+SuperNova+er+6+vikna+vi%C3%B0skiptahra%C3%B0all+fyrir+sprotafyrirt%C3%A6ki+sem+eru+a%C3%B0+byggja+upp+vi%C3%B0skiptalausnir+%C3%A6tla%C3%B0ar+al%C3%BEj%C3%B3%C3%B0amarka%C3%B0i.+Hra%C3%B0allinn+hefst+5.+%C3%A1g%C3%BAst+og+l%C3%BDkur+me%C3%B0+fj%C3%A1rfestadegi+19.+september+%F0%9F%9A%80%0A%0A%0A%0A%C3%9Ea%C3%B0+geta+%C3%B6ll+sprotafyrirt%C3%A6ki+teki%C3%B0+%C3%BE%C3%A1tt+%C3%AD+Superclass+og+einu+skilyr%C3%B0in+eru+a%C3%B0+skila+inn+Pitch+deck+%2F+einbl%C3%B6%C3%B0ungi+um+fyrirt%C3%A6ki%C3%B0.%0A%0A%0A%0ASkr%C3%A1ningu+m%C3%A1+finna+h%C3%A9r+%F0%9F%91%89+https%3A%2F%2Fstartupsupernova.is%2F%0A%0A%0A%0ASuperclass+fer+fram+%C3%A1+ensku%21%0A%0A%0A%0AHra%C3%B0allinn+samstarfsverkefni+Nova%2C+KLAK+-+Icelandic+Startups+og+Huawei+%F0%9F%8C%9F%0A%0A%0A%0AKostar+ekkert+a%C3%B0+taka+%C3%BE%C3%A1tt%21%0A%0A%0A%0AVi%C3%B0+hl%C3%B6kkum+til+a%C3%B0+sj%C3%A1+ykkur+%21%0A%0A%0A%0A%E2%80%94----------%0A%0A%0A%0A%F0%9F%92%A5+The+Startup+SuperNova+Superclass+takes+place+on+the+June+19.+-+20.+in+Gr%C3%B3ska+%F0%9F%92%A5%0A%0A%0A%0ASuperclass+is+open+to+everyone+and+entry+is+free+for+entrepreneurs.%0A%0A%0A%0AThe+program+consists+of+lectures+and+interactive+workshops%2C+which+prepare+start-ups+to+make+an+18-month+action+plan.+Then%2C+in+order+to+apply+for+the+Startup+SuperNova+accelerator%2C+you+must+submit+exactly+such+a+plan.%0A%0A%0A%0AStartup+SuperNova+is+a+6-week+business+accelerator+for+startups+that+are+building+solutions+for+scaling+internationally.+The+accelerator+starts+on+the+5th+of+August+and+ends+with+an+Investor+Day+on+September+19th.%0A%0A%0A%0AAll+start-ups+can+participate+in+Superclass%2C+and+the+only+condition+is+to+submit+a+pitch+deck+%2F+one+pager+about+the+startup.%0A%0A%0A%0ARegistration+can+be+found+here+%F0%9F%91%89+https%3A%2F%2Fstartupsupernova.is%2F%0A%0A%0A%0AThe+program+will+be+in+English%21%0A%0A%0A%0AThe+accelerator+is+a+collaboration+with+Nova%2C+KLAK+-+Icelandic+Startups+and+Huawei+%F0%9F%8C%9F%0A%0A%0A%0AWe+are+looking+forward+to+seeing+you+%21&path=\/calendar\/action\/compose","start_formatted":"19. June - 20. June"},"_links":{"self":[{"href":"https:\/\/klak.is\/en\/wp-json\/wp\/v2\/vidburdure\/16807","targetHints":{"allow":["GET"]}}],"collection":[{"href":"https:\/\/klak.is\/en\/wp-json\/wp\/v2\/vidburdure"}],"about":[{"href":"https:\/\/klak.is\/en\/wp-json\/wp\/v2\/types\/vidburdure"}],"version-history":[{"count":0,"href":"https:\/\/klak.is\/en\/wp-json\/wp\/v2\/vidburdure\/16807\/revisions"}],"wp:featuredmedia":[{"embeddable":true,"href":"https:\/\/klak.is\/en\/wp-json\/wp\/v2\/media\/16808"}],"wp:attachment":[{"href":"https:\/\/klak.is\/en\/wp-json\/wp\/v2\/media?parent=16807"}],"wp:term":[{"taxonomy":"project","embeddable":true,"href":"https:\/\/klak.is\/en\/wp-json\/wp\/v2\/project?post=16807"},{"taxonomy":"birta","embeddable":true,"href":"https:\/\/klak.is\/en\/wp-json\/wp\/v2\/birta?post=16807"},{"taxonomy":"ar","embeddable":true,"href":"https:\/\/klak.is\/en\/wp-json\/wp\/v2\/ar?post=16807"}],"curies":[{"name":"wp","href":"https:\/\/api.w.org\/{rel}","templated":true}]}}

<p>💥 Superclass Startup SuperNova fer fram dagana 19. &#8211; 20. júní í Grósku 💥</p>



<p>Superclass er opið öllum og er frumkvöðlum að kostnaðarlausu.</p>



<p>Fyrirkomulagið eru fyrirlestrar og vinnustofur með virkri þátttöku, sem undirbúa sprotafyrirtæki til þess að gera 18 mánaða aðgerðaráætlun. En það þarf einmitt að skila inn slíkri áætlun til þess að eiga möguleika á að komast inn í Startup SuperNova hraðalinn 🎯</p>



<p>Startup SuperNova er 6 vikna viðskiptahraðall fyrir sprotafyrirtæki sem eru að byggja upp viðskiptalausnir ætlaðar alþjóðamarkaði. Hraðallinn hefst 5. ágúst og lýkur með fjárfestadegi 19. september 🚀</p>



<p>Það geta öll sprotafyrirtæki tekið þátt í Superclass og einu skilyrðin eru að skila inn Pitch deck / einblöðungi um fyrirtækið.</p>



<p>Skráningu má finna hér 👉 https://startupsupernova.is/</p>



<p>Superclass fer fram á ensku!</p>



<p>Hraðallinn samstarfsverkefni Nova, KLAK &#8211; Icelandic Startups og Huawei 🌟</p>



<p>Kostar ekkert að taka þátt!</p>



<p>Við hlökkum til að sjá ykkur !</p>



<p>—&#8212;&#8212;&#8212;-</p>



<p>💥 The Startup SuperNova Superclass takes place on the June 19. &#8211; 20. in Gróska 💥</p>



<p>Superclass is open to everyone and entry is free for entrepreneurs.</p>



<p>The program consists of lectures and interactive workshops, which prepare start-ups to make an 18-month action plan. Then, in order to apply for the Startup SuperNova accelerator, you must submit exactly such a plan.</p>



<p>Startup SuperNova is a 6-week business accelerator for startups that are building solutions for scaling internationally. The accelerator starts on the 5th of August and ends with an Investor Day on September 19th.</p>



<p>All start-ups can participate in Superclass, and the only condition is to submit a pitch deck / one pager about the startup.</p>



<p>Registration can be found here 👉 https://startupsupernova.is/</p>



<p>The program will be in English!</p>



<p>The accelerator is a collaboration with Nova, KLAK &#8211; Icelandic Startups and Huawei 🌟</p>



<p>We are looking forward to seeing you !</p>

Gróska
